{"id":2,"date":"2015-05-07T05:24:08","date_gmt":"2015-05-07T05:24:08","guid":{"rendered":"http:\/\/localhost\/wordpress\/?page_id=2"},"modified":"2023-08-12T14:12:45","modified_gmt":"2023-08-12T14:12:45","slug":"sample-page","status":"publish","type":"page","link":"https:\/\/dj-laribum.de\/","title":{"rendered":"Willkommen"},"content":{"rendered":"<p>Willkommen auf meiner Homepage,<\/p>\n<p>ich bin DJ-Laribum &#8211; Alleinunterhalter und Party-DJ.<\/p>\n<p>Ich treibe mein Unwesen im Gro\u00dfraum Halle &#8211; Leipzig(Umkreis ~ 50Km).<\/p>\n<p>Ich mache Musik f\u00fcr Hochzeiten, Geburtstage, Jubil\u00e4en, Firmenfeiern, Tanzveranstaltungen usw.<\/p>\n<p>Ihr k\u00f6nnt mich gern als DJ buchen oder auch als Entertainer da ich neben Musik auflegen auch Showeinlagen und nat\u00fcrlich die Moderation des Abends anbiete.<\/p>\n<p>Die Technik bringe ich selbst mit(Licht und Ton) allerdings kann ich mich auf Wunsch auch in vorhandene Ausr\u00fcstung einklinken. Besondere Lichtw\u00fcnsche(Fassadenbeleuchtung, Discolicht, Raumausstrahlung) m\u00fcssen vorher besprochen werden.<\/p>\n<p>Besondere Abl\u00e4ufe, Vorlieben, Titel, Auftritte, Spiele usw. werden, wie \u00fcblich, in einem Vorgespr\u00e4ch besprochen.<\/p>\n<p>Unter dem Men\u00fcpunkt <a href=\"http:\/\/dj-laribum.de\/?page_id=13\">Leistungen<\/a> findet Ihr eine \u00dcbersicht der Pakete die ich anbiete(Preise sind zwar hinterlegt sind aber anpassbar, je nach Aufwand).<\/p>\n<p>Viel Spass beim surfen, wir sehen uns auf der Party.<\/p>\n<p>Euer DJ Laribum.<\/p>\n","protected":false},"excerpt":{"rendered":"<p>Willkommen auf meiner Homepage, ich bin DJ-Laribum &#8211; Alleinunterhalter und Party-DJ. Ich treibe mein Unwesen im Gro\u00dfraum Halle &#8211; Leipzig(Umkreis ~ 50Km). Ich mache Musik f\u00fcr Hochzeiten, Geburtstage, Jubil\u00e4en, Firmenfeiern, Tanzveranstaltungen usw. Ihr k\u00f6nnt mich gern als DJ buchen oder auch als Entertainer da ich neben Musik auflegen auch Showeinlagen und nat\u00fcrlich die Moderation des&hellip;<\/p>\n","protected":false},"author":1,"featured_media":0,"parent":0,"menu_order":0,"comment_status":"open","ping_status":"open","template":"","meta":[],"aioseo_notices":[],"_links":{"self":[{"href":"https:\/\/dj-laribum.de\/index.php?rest_route=\/wp\/v2\/pages\/2"}],"collection":[{"href":"https:\/\/dj-laribum.de\/index.php?rest_route=\/wp\/v2\/pages"}],"about":[{"href":"https:\/\/dj-laribum.de\/index.php?rest_route=\/wp\/v2\/types\/page"}],"author":[{"embeddable":true,"href":"https:\/\/dj-laribum.de\/index.php?rest_route=\/wp\/v2\/users\/1"}],"replies":[{"embeddable":true,"href":"https:\/\/dj-laribum.de\/index.php?rest_route=%2Fwp%2Fv2%2Fcomments&post=2"}],"version-history":[{"count":3,"href":"https:\/\/dj-laribum.de\/index.php?rest_route=\/wp\/v2\/pages\/2\/revisions"}],"predecessor-version":[{"id":15,"href":"https:\/\/dj-laribum.de\/index.php?rest_route=\/wp\/v2\/pages\/2\/revisions\/15"}],"wp:attachment":[{"href":"https:\/\/dj-laribum.de\/index.php?rest_route=%2Fwp%2Fv2%2Fmedia&parent=2"}],"curies":[{"name":"wp","href":"https:\/\/api.w.org\/{rel}","templated":true}]}}